2 is divided by 12.
10
Suppose 2*h - 25 = 27. Suppose 3*g - g = h. What is the remainder when 37 is divided by (g/(-2))/((-2)/4)?
11
Suppose -9 = 2*k - 3, -2*n - 4*k + 16 = 0. Suppose 0*m = -m + 4*p + 32, m + 2*p = n. Calculate the remainder when m is divided by 11.
9
Let g(j) = -j**2 + 6*j + 4. Suppose -6*t + 9*t = 12. What is the remainder when (14/t)/((-10)/(-20)) is divided by g(6)?
3
Suppose -13*f = -16*f + 30. Calculate the remainder when 17 is divided by f.
7
Suppose -u = u - y - 80, -158 = -4*u + 3*y. What is the remainder when u is divided by 0 - -11 - (-3 - 0)?
13
Let d = -3 - -29. Let s = d - -8. Let b = -11 + s. Calculate the remainder when b is divided by 8.
7
Calculate the remainder when ((-80)/60)/(2/(-39)) is divided by 14.
12
Suppose u - 38 = -u. Suppose -16 = -3*m + 14. What is the remainder when u is divided by m?
9
Let p(c) = 2*c**2 + 3. What is the remainder when p(4) is divided by (-4)/((1 + 1)/(-6))?
11
Let a = 589 - 352. What is the remainder when a is divided by 48?
45
Suppose -5*k + 4*k + 61 = 0. What is the remainder when k is divided by 21?
19
Suppose 5*b = j - 6, -3*j - j = 3*b - 116. Calculate the remainder when 74 is divided by j.
22
Suppose 13 = -4*u + 5. Let w be (32 + -3)*2/u. Let n = w + 41. What is the remainder when n is divided by 7?
5
Calculate the remainder when 55 is divided by ((-180)/21)/(2/(-7)).
25
Let u = 162 + -132. What is the remainder when 0 + 1 + (58 - 1) is divided by u?
28
Let r(n) = -n**3 + 8*n**2 - 7*n - 8. Suppose -3*y + 0*y = -18. What is the remainder when r(y) is divided by 8?
6
Suppose c - 61 = 4*c - 2*f, 0 = -2*f - 2. Let a be (-74)/10 + 2/5. Let p = a - c. Calculate the remainder when p is divided by 4.
2
Suppose 4*t + 31 = h, 2*t + 0 = 3*h - 43. What is the remainder when 52 is divided by h?
8
Let k be (1 + -3)*(-2)/4. Suppose 4*b + 3*l - 27 - 110 = 0, -k = l. Calculate the remainder when b is divided by 9.
8
Let h = -183 - -195. Suppose 0 = -2*n - o + 67, n + 4*n - 166 = -4*o. What is the remainder when n is divided by h?
10
Let g(z) = 4*z**2 - 3. Calculate the remainder when 38 is divided by g(-2).
12
Suppose -j - j = 4*z - 22, 5*z + 3*j - 30 = 0. Suppose -80 = -i - z*i. What is the remainder when i is divided by 11?
9
Let m(j) = -j**3 + 4*j**2 + j - 2. Calculate the remainder when 29 is divided by m(3).
9
Let z = 6 - 16. What is the remainder when (2*-1)/(z/245) is divided by 17?
15
Suppose 2 = -2*n + 28. Calculate the remainder when (-12)/(-1*1/2) is divided by n.
11
Calculate the remainder when 4/5 + 686/5 is divided by 28.
26
Let s(b) = -b**3 - 5*b**2 + 6*b + 9. Calculate the remainder when s(-6) is divided by 3.
0
Let a(u) = -9*u - 6. Let o = 54 + -44. What is the remainder when a(-5) is divided by o?
9
Let s(z) = z**3 + 9*z**2 + 6*z - 2. What is the remainder when 38 is divided by s(-8)?
10
What is the remainder when ((-2)/(-6))/(1/111) is divided by 13?
11
Suppose -5*d = -6*d + 30. Calculate the remainder when 119 is divided by d.
29
Suppose 0 = -7*q + 4*q + 33. What is the remainder when 42 is divided by q?
9
Let p(x) = x**2 + 5*x - 6. Let g be p(-6). Suppose 2*d - d - 11 = g. Calculate the remainder when 32 is divided by d.
10
Let t = 49 + -24. Let q(u) = u**3 - 10*u**2 + 2*u - 11. Calculate the remainder when t is divided by q(10).
7
Let h = 4 - 8. Let w(v) = v - 5. Let g be w(h). What is the remainder when 8 is divided by ((-1)/((-3)/g))/(-1)?
2
Let c = 14 + 70. What is the remainder when c is divided by 22?
18
Let c(u) = 51*u**2 + u + 1. Let i be c(-1). Let d = i + -30. What is the remainder when d is divided by 12?
9
Suppose 0 = y - 2*y + 17. Calculate the remainder when y is divided by 10.
7
Suppose -s = -4*h + 37 + 42, 103 = 5*h + 3*s. Suppose 3*q = 7*q - h. Suppose q*y = y + 184. What is the remainder when y is divided by 12?
10
Let w = 9 - 1. Let s = -21 - -11. Calculate the remainder when (-1)/2 + (-235)/s is divided by w.
7
Let j(t) = t**3 + 7*t**2 + 5*t. Let a = 2 - -13. Calculate the remainder when a is divided by j(-6).
3
Suppose 2*j - 42 = -5*o, 11 = -0*o + o + 3*j. Calculate the remainder when 23 is divided by o.
7
Let s(i) = -i**2 - 16*i + 17. Let l be s(-16). Suppose -l - 218 = -5*f. What is the remainder when f is divided by 12?
11
Let f = -3 - -6. Let c(a) = a**3 + a**2 - 5*a + 4. Suppose b = -2*y + 7, -3*b - 2*b - y + 44 = 0. What is the remainder when c(f) is divided by b?
7
Let y be ((-105)/14)/((-1)/(-2)). Let j = 30 + y. Suppose 0 = r - 2*c - 15, 3*r - c + j = 4*r. Calculate the remainder when 29 is divided by r.
14
Suppose -24 = -4*h + 8*h. Let n = h + 21. Calculate the remainder when 29 is divided by n.
14
Let r(f) = f - 6. Calculate the remainder when 11 is divided by r(9).
2
Suppose 5*b - 32 = 43. Suppose b = o + 2*o. Calculate the remainder when 14 is divided by o.
4
Suppose -5*t + 13 = -37. Let m = t + -8. What is the remainder when 5 is divided by m?
1
Let t = -3 - -6. Suppose 16 = -p - 5*d, -22 - 20 = -3*p + t*d. Calculate the remainder when 16 is divided by p.
7
Suppose d = -d + 2. Let l be ((-6)/9)/((-4)/6). What is the remainder when l/(3/3 - 0) is divided by d?
0
Let l be (52/6)/((-4)/(-12)). Suppose -w - 5*k = -0*k - l, 3*w - 3*k = 42. Calculate the remainder when 63 is divided by w.
15
Let a be -2 - (-3 + 3) - 4. Suppose 0 = 4*y - 0 + 32. Let v = a - y. What is the remainder when 2 is divided by v?
0
Suppose o + 7 = d - 0, 4*d + 5*o + 8 = 0. Let a = d + 6. What is the remainder when 33 is divided by 150/a + 3/9?
16
Suppose y = 2*q - 34, -2*q + 7*q - 67 = -2*y. What is the remainder when 29 is divided by q?
14
Let t(m) = -16*m - 79. Calculate the remainder when 60 is divided by t(-6).
9
Suppose 4*a + 48 = 4*f, 6*a = 3*f + a - 40. Let g = 9 - -20. Calculate the remainder when g is divided by f.
9
Suppose -5*l + 40 = p - 11, 2*p = -3*l + 109. Suppose 4 = -4*y - 12. Let x(q) = -6*q - 5. What is the remainder when p is divided by x(y)?
18
Let o = 66 - 41. Let r(q) = -q**3 - 5*q**2 - 4*q + 4. Let t be r(-5). Let a = -15 + t. What is the remainder when o is divided by a?
7
Suppose 0 = -3*p + 8*p - 65. Suppose -2*n + p = -n. Suppose 0 = -5*z - 39 + 159. What is the remainder when z is divided by n?
11
Let x(f) be the second derivative of -f**5/20 + 7*f**4/12 - f**3/2 - 4*f**2 - 4*f. Calculate the remainder when 39 is divided by x(6).
9
Suppose 5*h = -2*g + 23, -7*h + 2*h - g + 19 = 0. Calculate the remainder when 18 is divided by h.
0
Let g(x) be the first derivative of x**4/4 - x**3/3 + 8*x - 3. Let u be (-3)/12 - (-1)/4. Calculate the remainder when 15 is divided by g(u).
7
Let l = 128 - 89. Let d be (0 + -2 - -16)/2. Suppose 3*r = -k + 22, -3*k - r = -d*k + 36. What is the remainder when l is divided by k?
9
Let t(j) = j**2 - j + 56. Suppose -c - 4*a = 8, 0*c + 2*c + 2 = -a. Let i be t(c). What is the remainder when 27 is divided by i/6*6/4?
13
Let y(n) = -30*n - 3. Let q be y(-2). Let v = q + -41. Calculate the remainder when v is divided by 9.
7
Suppose -3*n + 12 = -6. What is the remainder when 13 + (-58)/18 + (-14)/(-63) is divided by n?
4
Let u(f) = -f**3 - 2*f**2 - 3. Let z be u(-5). Calculate the remainder when 0 + 5/(10/z) is divided by 13.
10
Suppose 21 = 5*o - i - 2*i, 5*o + 4*i - 7 = 0. Suppose 3*u + o*b = 2*u + 33, b = 4*u - 106. What is the remainder when u is divided by 15?
12
Suppose 20*l = 29*l - 45. Suppose -4*a - a = -5. Let o = 11 + a. Calculate the remainder when o is divided by l.
2
Let i(t) be the second derivative of t**5/20 + 11*t**4/12 + 5*t**3/3 + 5*t**2 + 4*t. Calculate the remainder when i(-10) is divided by 3.
1
What is the remainder when 0 + (-1 - 1) - -14 is divided by 8?
4
Let p = 63 - 7. Calculate the remainder when p is divided by 4/6 + (9 - 16/(-3)).
11
Let m = -143 - -248. Calculate the remainder when m is divided by 36.
33
Let y be 3*-1*-1 - -2. Suppose 3*h = -y*b + 14 + 4, 0 = 5*h - 4*b - 30. What is the remainder when 28/3 + (-8)/(-12) is divided by h?
4
Suppose v + 13 + 19 = j, -2*j + 4*v = -54. Let z(t) = 16*t + 10*t - 25*t + 8. What is the remainder when j is divided by z(11)?
18
Suppose -3*i = -3*u + 6, 0 = -5*i + 3*u - 3 - 3. Suppose 0 = -t, i = m - 4*m - t + 27. What is the remainder when 26 is divided by m?
8
Let x(l) = -2*l**3 + l**2 + l. What is the remainder when x(-1) is divided by 1?